2 + 9*p + 14. Let s(d) = -9*d**2 - 5*d - 7. Let q(a) = -9*s(a) - 4*y(a). Determine q(-6).
-11
Let s(k) = k**3 + 7*k**2 + 8*k - 2. Let z be (-12)/(-4) - (-22)/1. Suppose -z = 5*n, q + 5*n + 3 = -0*n. Suppose q*i + 24 = 18*i. Calculate s(i).
-14
Let z(k) = -1 - 35*k + 40*k - 4. Give z(4).
15
Let f be ((-66)/(-4))/(-16 - 61/(-4)). Let q(s) = s + 28. Give q(f).
6
Let c(d) = -3*d - 5. Let q be (-2632)/16 - (-3)/2. Let f = q + 350. Let b be f/(-44) + (-1)/(-4). Determine c(b).
7
Let j(k) be the third derivative of 5/24*k**4 + 0 - 1/60*k**5 + 0*k + 1/6*k**3 + 10*k**2. Suppose 5*c + 2*y = -19 + 51, 0 = 3*c + 3*y - 21. Calculate j(c).
-5
Let a(i) = -2*i - 2. Let d(c) = 3*c + 8*c + 7*c - 4 - 23*c. Let y(u) = -7*a(u) + 3*d(u). Determine y(3).
-1
Let t(g) = -7*g**3 - g**2 - 2. Let u be t(-2). Suppose 5*i - u = 3*c + 4, i - 24 = 5*c. Suppose -4*p + i = -11. Let s(n) = n + 1. Calculate s(p).
6
Suppose -2*k + 2*d - 10 = 0, -10*d = -5*k - 7*d - 15. Let i(b) = -7*b**2 + 2*b - 23. Let q(x) = 3*x**2 - x + 11. Let z(l) = -4*i(l) - 9*q(l). What is z(k)?
-7
Suppose 12 = 5*z + 5*u - 4*u, -3*z = 2*u + 4. Let a(h) be the first derivative of -h**3/3 + 3*h**2 - 6*h + 1. Give a(z).
2
Let d(n) = -3*n**3 + 73 + 6*n**2 + 71 - 142 - 4*n**2. What is d(2)?
-14
Let m(g) = -14*g - 1. Suppose -18 = -3*n + f - 8, 2*f + 14 = 4*n. Suppose n*o - 2 = -5. Determine m(o).
13
Let w(b) = -b**2 + 5*b - 2. Let a be 3/(-4) - 15/(-20). Let x be 2 - 5 - a - -12. Let z be (-3 - 3)*(-6)/x. Determine w(z).
2
Let b(l) = -5*l - 1724 + 2*l + 1712 + 4*l. Let w(h) = -h**2 + 7*h - 4. Let c be w(5). Let n be b(c). Let p(s) = s**3 + 6*s**2 + 2*s - 1. Give p(n).
-13
Let w be 3562/(-411) + 1*9. Let q(c) be the third derivative of 0 - w*c**3 - 3*c**2 - 1/24*c**4 + 0*c. Determine q(-3).
1
Let y = -63 + 114. Let l = 57 - y. Let h(b) = -b**2 + 4*b + 4. Determine h(l).
-8
Let q(t) = -t**2 + 2*t + 16. Let y be 14/(-18)*(-7 - 2) - -2. What is q(y)?
-47
Suppose -14 = -2*z + 4*b, 5*z + 1 = 2*b + 12. Suppose -o + 4*y + 6 = 0, 19*y - 21*y = -3*o + 8. Let c(a) = z - 3*a + 3*a - a**o. Give c(2).
-3
Let b(z) = z**3 - 4*z**2 + 2*z - 1. Let g be b(3). Let h(t) be the third derivative of -t**6/120 - t**5/15 + t**4/12 + t**3 + 581*t**2. What is h(g)?
-2
Let v(g) = -4636*g**2 - g**3 + 14 + 0*g**3 - 4 + 12*g + 4627*g**2. Let j be 3/2*(-20)/3. Give v(j).
-10
Let l(t) = 2*t + 1. Let o(n) = -n**3 - 7*n**2 - 11*n + 20. Let c(f) = 4*l(f) + o(f). Calculate c(-6).
6
Let z(o) = -2*o + 5. Let m = -70 - -73. Let a be z(m). Let k(f) = -f. Determine k(a).
1
Let n(w) = 4*w**2 + 11*w - 1. Let p be n(-3). Suppose 3*m - 6*r - 29 = -r, 0 = 3*m + p*r - 22. Let o(a) = a**3 - 8*a**2 + 2*a - 7. What is o(m)?
9
Let c(q) be the third derivative of -q**4/24 - 2*q**3 + 4*q**2. Let y = 10 + -12. Let w(h) = -2*h**2 + h + 4. Let g be w(y). Determine c(g).
-6
Let o = 2860 + -2861. Let d(h) = -2*h**3 + 2*h**2 + 6*h + 5. Determine d(o).
3
Suppose -17 = -z - 3*x - 0*x, -3*z - x = -11. Let f(t) = -14*t**2 - 2*t**2 + 6*t**2 - 1 + z. What is f(-1)?
-9
Let k(o) = -4*o - 6. Suppose -7*l - 3 = 18. Give k(l).
6
Suppose 7 = x + 1. Let j(r) = -28 - 25 - 29 - x*r + 85. What is j(2)?
-9
Let a(w) = -28*w + 11. Let c be a(-3). Let p(y) = y**2 + 106*y - c*y + 7 + 0*y**2. Give p(-9).
-11
Let z(c) = -c**3 + c**2 - 2*c + 3. Suppose 0*b - 2*b = -8. Suppose b*r = -0*r. Suppose r = g - 4*p - 14, -5*g + 2*p + 2*p + 22 = 0. What is z(g)?
-5
Suppose -5*i + 5 = 0, -3*i + 2*i = -2*t - 5. Let z(o) = -3*o**2 - 5*o - 8. Give z(t).
-10
Let l(p) = -3*p + 2. Let i be 1 + 0/(1 - -2). Let w(z) = -z - 1. Let n(q) = i*l(q) + 3*w(q). Give n(-1).
5
Let g(p) be the second derivative of -1/6*p**3 + 0 - 5*p - 1/2*p**2 - 1/12*p**4. Determine g(0).
-1
Let l = 0 + 0. Suppose l = -4*o + 3*z, -3*z = 2*o - z + 14. Let f be -1 + ((-15)/o - -1). Let m(w) = -w**3 + 5*w**2 - w - 2. What is m(f)?
-7
Let w(j) = -2*j - 5. Let h(p) = 3*p**3 - 2*p**2 - 4*p + 1. Let i be h(3). Let l = 47 - i. What is w(l)?
5
Let n(z) be the third derivative of 0*z**3 + 0*z - 1/24*z**4 + 13/120*z**6 + 0*z**5 + 11*z**2 + 0. Let m = -1 + 0. Determine n(m).
-12
Let j(a) = 32*a - 20. Let z(c) = 9*c - 6. Let l(x) = 4*j(x) - 14*z(x). Let y(v) = -v**3 + 4*v**2 + 8*v - 4. Let u be y(5). Suppose -u - 9 = 5*w. Calculate l(w).
-4
Let j(h) be the first derivative of -11*h**2/2 + 317. What is j(3)?
-33
Let k be -1*15/(-10)*2. Let o(d) = -k*d + 38 + 37 - 83. Calculate o(-6).
10
Suppose 44 = -4*y + 2*j, -j = y + 2*j + 25. Let q(w) be the second derivative of -w**3/6 - 7*w**2 - 186*w. Calculate q(y).
-1
Let j(z) be the first derivative of z**4/4 + 11*z**3/3 - 6*z**2 + 8*z - 95. Determine j(-12).
8
Suppose 4*a = -8*a. Let s(w) = -2*w**3 - 5*w**3 - 4 + 6*w**3 + w + 10. What is s(a)?
6
Suppose 33*l - 30*l = 2*m + 24, -3*m - 47 = l. Let y(n) = -n**3 - 14*n**2 + 17*n + 15. Calculate y(m).
-15
Let b(j) = j - 4. Suppose 0 = -3*c + c. Let a be (-4 - -1 - c) + -4. Let o = a - -10. Calculate b(o).
-1
Suppose 0 = -3*p + 2*l + 8 + 2, 4 = -2*l. Suppose 18 + 4 = 5*u - 4*z, -p = -u + 2*z. Let y(g) = -g + 8. Determine y(u).
2
Let g be (-3 + 3)/(2/2). Let q(t) = g + t**3 + 0 - t**2 + 1. Let n = 618 + -618. Determine q(n).
1
Let z(h) = -h**3 + 4*h**2 + 3*h + 4. Let p = 12 + -9. Suppose -2 - p = -c. Suppose -l = -2*l + c. Give z(l).
-6
Suppose k + k - 4 = 0. Let f(p) be the first derivative of -p**3 - p**2/2 - 8*p - 17. Let x(g) = 2. Let b(l) = f(l) + 3*x(l). Give b(k).
-16
Suppose 7*d + 39 = 109. Suppose 0 = -12*m - 70 + d. Let o(v) = -v**3 - 4*v**2 + 6*v + 3. What is o(m)?
-2
Suppose 0 = -5*g - 25, 2*p + 4 - 64 = 4*g. Let n(r) = -18*r**2 + p + 19*r**2 - 4. What is n(0)?
16
Let h(w) be the second derivative of -w**3/6 + 3*w**2/2 + 10*w. Suppose -4*u - 5*b = -44, -2*u + 2*b + 22 = 3*u. Determine h(u).
-3
Let p(i) = i + 6. Let r(n) = n**2 - 15*n + 20. Let k be r(13). Let t be (8/k)/((-30)/(-135)). Let u be (-18)/(-4)*(-8)/t. Determine p(u).
12
Let m(n) = -3*n**2 - 2*n - 3*n**2 + 4*n**2. Let h be (-7 + 38)*(-1)/1. Let c = -33 - h. Determine m(c).
-4
Let g(m) = 18*m**2 + 3*m + 11. Let i(w) = -15*w**2 - 2*w - 10. Let q(a) = -6*g(a) - 7*i(a). Give q(-3).
-11
Suppose -m + 5*y = 3*m - 24, 5*y + 15 = -5*m. Let g(w) = 1 + 3*w**2 - 2*w**2 - w + 6*w**2 - 5*w**2. What is g(m)?
2
Let t(d) = d**2 + d - 5. Let z = -7 - -17. Let r be 31/3 + 1/(-3). Let k be 4/r - 4/z. What is t(k)?
-5
Let f(g) = g**3 + 13*g**2 + 14*g + 10. Let o(r) = 14*r - 96. Let u be o(6). Calculate f(u).
-14
Let l be (-1)/2*(-16)/(-2). Let t(i) be the third derivative of i**6/120 + i**5/15 + 5*i**4/24 - i**3/6 + 4*i**2 + 214*i. Calculate t(l).
-21
Let d(k) = k**2 + 3*k + 4. Let a be d(-4). Let i(u) = -5 + 3*u + 29 - 12 - 5*u. Determine i(a).
-4
Let q(r) = -r**2 + r - 4. Let y(h) = 2*h**2 - 2*h + 9. Let i(g) = -7*q(g) - 3*y(g). Let d(k) = -4*k**2 - 5*k - 10. Let a(x) = d(x) + 3*i(x). What is a(-6)?
5
Let g(j) = 9*j + 4. Let z(t) = 11*t + 5. Let y(x) = 5*g(x) - 4*z(x). Determine y(0).
0
Let m(k) be the third derivative of -k**5/60 + k**4/4 - 5*k**3/6 - 127*k**2. Determine m(3).
4
Let k(t) = -t + 1. Let r be k(1). Let n(a) = a**2 - 5. Let x(g) = 3*g**2 - 16. Let z be (-61)/(-9) + (-6)/(-27). Let u(q) = z*n(q) - 2*x(q). What is u(r)?
-3
Suppose 4*o + 64 = 48. Let p(f) be the third derivative of -5*f**4/24 - 2*f**3/3 + f**2. Determine p(o).
16
Let m = 19 - 14. Let r(y) = 4*y + m*y - 2 - 8*y - 1. Calculate r(8).
5
Let b(m) = -m**2 - 9*m + 25. Let k be b(-11). Let u(s) = 0*s**k - s**3 - 3*s**2 - s**2 + 6*s + 2 + 3. Calculate u(-5).
0
Let l(v) = -v**2 + v - 6. Suppose -5*u = 13 - 38, -5*r + 5*u = 15. Let p be (r + (-6)/3)/((-2)/(-1)). What is l(p)?
-6
Let m(l) be the first derivative of 7*l**4/4 + l**3/3 - l**2/2 - l + 3. Let i be m(-1). Let f(r) = 4 + 11*r - r - 4*r + r**2. What is f(i)?
4
Let n(w) = -w - 9. Let f be (-30)/(10 + -5) + 2. Give n(f).
-5
Suppose -t - 18 = 5*t. Let c(l) = -8*l + 4. What is c(t)?
28
Let x(y) = 52*y - 26. Let z(b) = -6*b + 1. Let n(g) = 2*x(g) + 18*z(g). Give n(-9).
2
Suppose -2*q + 21 = -53. Let n = q + -22. Let u be 5/2*24/n. Let g(i) = -i - 1. Calculate g(u).
-5
Let j(v) = -v**3 - 3*v**2 + 2*v - 1. Let n be j(-4). Let d(q) = -2*q - 2*q + n*q - 2*q. Suppose -3*a = -0*a + 9. Calculate d(a).
-3
Let m(p) = 3*p + 2. Suppose 3*v - 26 = g, 2*v = -0*v + g + 19. Suppose v = w + 11. Determi